{"id":19,"date":"2023-04-18T10:21:44","date_gmt":"2023-04-18T08:21:44","guid":{"rendered":"https:\/\/learn-with-me.eu\/?page_id=19"},"modified":"2025-02-06T10:35:20","modified_gmt":"2025-02-06T09:35:20","slug":"about-the-software","status":"publish","type":"page","link":"https:\/\/learn-with-me.eu\/","title":{"rendered":"About the software"},"content":{"rendered":"\n<p><\/p>\n\n\n\n<p class=\"has-text-color has-background\" style=\"color:#0c1d7a;background-color:#fff7e000\">This educational software was created to support the teaching of mathematics.<br><br><strong>Learn with M.E.<\/strong> (Math Educator) is an educational software that provides different levels of difficulty in the form of addition, subtraction, multiplication, division and parentheses problems. The software assesses student results and continuously archives student progress.&nbsp;<br><br>The software is designed to facilitate the production of <strong>personalised learning<\/strong> materials. By this is meant that during the calculation, the software tries to find out what might be causing the students&#8217; weaknesses and shares the conclusions with both the student and the teacher.&nbsp; The student can also use the software to practice and do theoretical revision. The tutor can clearly see what the student&#8217;s weaknesses are from the archive for each student, and can produce personalised exercises and tests accordingly.<\/p>\n\n\n\n<figure class=\"is-layout-flex wp-block-gallery-1 wp-block-gallery has-nested-images columns-default is-cropped\">\n<figure class=\"wp-block-image size-large\"><img decoding=\"async\" loading=\"lazy\" width=\"1024\" height=\"383\" data-id=\"632\"  src=\"https:\/\/learn-with-me.eu\/wp-content\/uploads\/2024\/02\/EN-FINAL-1024x383.jpg\" alt=\"\" class=\"wp-image-632\" srcset=\"https:\/\/learn-with-me.eu\/wp-content\/uploads\/2024\/02\/EN-FINAL-1024x383.jpg 1024w, https:\/\/learn-with-me.eu\/wp-content\/uploads\/2024\/02\/EN-FINAL-300x112.jpg 300w, https:\/\/learn-with-me.eu\/wp-content\/uploads\/2024\/02\/EN-FINAL-768x287.jpg 768w, https:\/\/learn-with-me.eu\/wp-content\/uploads\/2024\/02\/EN-FINAL-1536x575.jpg 1536w, https:\/\/learn-with-me.eu\/wp-content\/uploads\/2024\/02\/EN-FINAL-2048x766.jpg 2048w\" sizes=\"(max-width: 1024px) 100vw, 1024px\" \/><figcaption class=\"wp-element-caption\">Learn with M.E. results \u2013 september 2023 (v1.4) &#8211; january 2024 (v1.7)<\/figcaption><\/figure>\n<\/figure>\n\n\n\n<p class=\"has-text-color has-background\" style=\"color:#0c1d7a;background-color:#fff7e000\"><strong>Why is it important?<\/strong> <br><br>Primary school mathematics is essential for the development of children&#8217;s logical thinking. The correct acquisition of basic operations is crucial for the whole mathematical education. Addition, subtraction, multiplication and division form the basis for solving mathematical problems and are often used in our everyday lives. Their proper mastery will enable students to understand how mathematical problems and formulas work, which will enable them to solve different mathematical problems more efficiently and accurately.<br><br>Operation symbols indicate what operation to perform on numbers and in what order to perform it. Incorrect marking of basic operations or their reversal can lead to incorrect solutions to mathematical problems. For example, if an operation of addition or multiplication is incorrectly marked, the result of the operation will also be incorrect. If a subtraction or division is incorrectly marked, the result of the operation will also be incorrect.<br><br>Another common error is ignoring the priority of the calculation. If the order of the basic operations is not respected or they are wrongly marked, the final result may also be incorrect. For example, if operations are not performed in the correct order, the result may be different from the correct result. The order of calculation determines the order in which each operation is performed, and if students do not understand the rules for these operations, the subsequent higher level tasks may become more difficult. Students who master this knowledge will later find it easier to understand algebraic expressions and other more complex mathematical problems. This is why the correct use of operation symbols and correct sequencing are key to solving mathematical problems correctly.<br><br><br><strong>Publications demonstrating the software&#8217;s capabilities and results<\/strong><br><br>Annu\u0161, N. 2021. Artificial Intelligence as Tool to Promote Education. DisCo 2021: Active Learning in Digital Era: How Digital Tools promote a Conscious, Open-minded, Creative and Social-Oriented Thinking -16th conference reader. Prague: Centre for Higher Education Studies, pp. 118-126, ISBN: 978-80-86302-88-1.<br><br>Annu\u0161, N. 2022. ASSISTING THE TEACHING OF MATHEMATICS IN PRIMARY SCHOOLS USING INTELLIGENT SOFTWARE. EDULEARN22 Proceedings: 14th International Conference on Education and New Learning Technologies, pp. 5096-5102, ISBN: 978-84-09-42484-9.<br><br>Annu\u0161, N. 2024. EDUCATIONAL SOFTWARE AND ARTIFICIAL INTELLIGENCE: STUDENTS\u2019 EXPERIENCES AND INNOVATIVE SOLUTIONS. <em>ITLT<\/em>, vol. 101, no. 3, pp. 200\u2013226, doi: 10.33407\/itlt.v101i3.5479.<br><br>Annu\u0161, N. &amp; Kme\u0165, T. 2024. &#8222;Learn with M.E.\u2014Let Us Boost Personalized Learning in K-12 Math Education!&#8221; Education Sciences 14, no. 7: 773. https:\/\/doi.org\/10.3390\/educsci14070773<br><br>Annu\u0161, N. 2024 &#8211; IDENTIFYING MATHEMATICAL DIFFICULTIES OFPRIMARY SCHOOL STUDENTS USING ARTIFICIALINTELLIGENCE-BASED EDUCATIONAL SOFTWARE &#8211; \u00c1LTAL\u00c1NOS ISKOL\u00c1S DI\u00c1KOK MATEMATIKAI NEH\u00c9ZS\u00c9GEINEK FELT\u00c1R\u00c1SA MESTERS\u00c9GES INTELLIGENCIA ALAP\u00da OKTAT\u00d3SZOFTVEREKKEL. XXXVII. DIDMATTECH 2024 Conference At: J. SELYE UNIVERSITY FACULTY OF ECONOMICS AND INFORMATICS, Kom\u00e1rno. Link: <a href=\"https:\/\/www.researchgate.net\/publication\/388270779_ALTALANOS_ISKOLAS_DIAKOK_MATEMATIKAI_NEHEZSEGEINEK_FELTARASA_MESTERSEGES_INTELLIGENCIA_ALAPU_OKTATOSZOFTVEREKKEL\" target=\"_blank\" rel=\"noreferrer noopener\">ResearchGate<\/a><\/p>\n\n\n\n<p><\/p>\n","protected":false},"excerpt":{"rendered":"<p>This educational software was created to support the teaching of mathematics. Learn with M.E. (Math Educator) is an educational software that provides different levels of difficulty in the form of addition, subtraction, multiplication, division and parentheses problems. The software assesses student results and continuously archives student progress.&nbsp; The software is designed to facilitate the production &hellip;<\/p>\n<p class=\"read-more\"> <a class=\"\" href=\"https:\/\/learn-with-me.eu\/\"> <span class=\"screen-reader-text\">About the software<\/span> Read More &raquo;<\/a><\/p>\n","protected":false},"author":1,"featured_media":0,"parent":0,"menu_order":0,"comment_status":"closed","ping_status":"closed","template":"","meta":{"_mi_skip_tracking":false,"site-sidebar-layout":"default","site-content-layout":"default","ast-global-header-display":"","ast-main-header-display":"","ast-hfb-above-header-display":"","ast-hfb-below-header-display":"","ast-hfb-mobile-header-display":"","site-post-title":"disabled","ast-breadcrumbs-content":"","ast-featured-img":"","footer-sml-layout":"","theme-transparent-header-meta":"","adv-header-id-meta":"","stick-header-meta":"","header-above-stick-meta":"","header-main-stick-meta":"","header-below-stick-meta":""},"yoast_head":"<!-- This site is optimized with the Yoast SEO plugin v20.5 - https:\/\/yoast.com\/wordpress\/plugins\/seo\/ -->\n<title>About the software -<\/title>\n<meta name=\"robots\" content=\"index, follow, max-snippet:-1, max-image-preview:large, max-video-preview:-1\" \/>\n<link rel=\"canonical\" href=\"https:\/\/learn-with-me.eu\/\" \/>\n<meta property=\"og:locale\" content=\"hu_HU\" \/>\n<meta property=\"og:type\" content=\"article\" \/>\n<meta property=\"og:title\" content=\"About the software -\" \/>\n<meta property=\"og:description\" content=\"This educational software was created to support the teaching of mathematics. Learn with M.E. (Math Educator) is an educational software that provides different levels of difficulty in the form of addition, subtraction, multiplication, division and parentheses problems. The software assesses student results and continuously archives student progress.&nbsp; The software is designed to facilitate the production &hellip; About the software Read More &raquo;\" \/>\n<meta property=\"og:url\" content=\"https:\/\/learn-with-me.eu\/\" \/>\n<meta property=\"article:modified_time\" content=\"2025-02-06T09:35:20+00:00\" \/>\n<meta property=\"og:image\" content=\"https:\/\/learn-with-me.eu\/wp-content\/uploads\/2024\/02\/EN-FINAL-1024x383.jpg\" \/>\n<meta name=\"twitter:card\" content=\"summary_large_image\" \/>\n<meta name=\"twitter:label1\" content=\"Becs\u00fclt olvas\u00e1si id\u0151\" \/>\n\t<meta name=\"twitter:data1\" content=\"4 perc\" \/>\n<script type=\"application\/ld+json\" class=\"yoast-schema-graph\">{\"@context\":\"https:\/\/schema.org\",\"@graph\":[{\"@type\":\"WebPage\",\"@id\":\"https:\/\/learn-with-me.eu\/\",\"url\":\"https:\/\/learn-with-me.eu\/\",\"name\":\"About the software -\",\"isPartOf\":{\"@id\":\"https:\/\/learn-with-me.eu\/#website\"},\"datePublished\":\"2023-04-18T08:21:44+00:00\",\"dateModified\":\"2025-02-06T09:35:20+00:00\",\"breadcrumb\":{\"@id\":\"https:\/\/learn-with-me.eu\/#breadcrumb\"},\"inLanguage\":\"hu\",\"potentialAction\":[{\"@type\":\"ReadAction\",\"target\":[\"https:\/\/learn-with-me.eu\/\"]}]},{\"@type\":\"BreadcrumbList\",\"@id\":\"https:\/\/learn-with-me.eu\/#breadcrumb\",\"itemListElement\":[{\"@type\":\"ListItem\",\"position\":1,\"name\":\"Home\",\"item\":\"https:\/\/learn-with-me.eu\/\"},{\"@type\":\"ListItem\",\"position\":2,\"name\":\"About the software\"}]},{\"@type\":\"WebSite\",\"@id\":\"https:\/\/learn-with-me.eu\/#website\",\"url\":\"https:\/\/learn-with-me.eu\/\",\"name\":\"\",\"description\":\"\",\"potentialAction\":[{\"@type\":\"SearchAction\",\"target\":{\"@type\":\"EntryPoint\",\"urlTemplate\":\"https:\/\/learn-with-me.eu\/?s={search_term_string}\"},\"query-input\":\"required name=search_term_string\"}],\"inLanguage\":\"hu\"}]}<\/script>\n<!-- \/ Yoast SEO plugin. -->","yoast_head_json":{"title":"About the software -","robots":{"index":"index","follow":"follow","max-snippet":"max-snippet:-1","max-image-preview":"max-image-preview:large","max-video-preview":"max-video-preview:-1"},"canonical":"https:\/\/learn-with-me.eu\/","og_locale":"hu_HU","og_type":"article","og_title":"About the software -","og_description":"This educational software was created to support the teaching of mathematics. Learn with M.E. (Math Educator) is an educational software that provides different levels of difficulty in the form of addition, subtraction, multiplication, division and parentheses problems. The software assesses student results and continuously archives student progress.&nbsp; The software is designed to facilitate the production &hellip; About the software Read More &raquo;","og_url":"https:\/\/learn-with-me.eu\/","article_modified_time":"2025-02-06T09:35:20+00:00","og_image":[{"url":"https:\/\/learn-with-me.eu\/wp-content\/uploads\/2024\/02\/EN-FINAL-1024x383.jpg"}],"twitter_card":"summary_large_image","twitter_misc":{"Becs\u00fclt olvas\u00e1si id\u0151":"4 perc"},"schema":{"@context":"https:\/\/schema.org","@graph":[{"@type":"WebPage","@id":"https:\/\/learn-with-me.eu\/","url":"https:\/\/learn-with-me.eu\/","name":"About the software -","isPartOf":{"@id":"https:\/\/learn-with-me.eu\/#website"},"datePublished":"2023-04-18T08:21:44+00:00","dateModified":"2025-02-06T09:35:20+00:00","breadcrumb":{"@id":"https:\/\/learn-with-me.eu\/#breadcrumb"},"inLanguage":"hu","potentialAction":[{"@type":"ReadAction","target":["https:\/\/learn-with-me.eu\/"]}]},{"@type":"BreadcrumbList","@id":"https:\/\/learn-with-me.eu\/#breadcrumb","itemListElement":[{"@type":"ListItem","position":1,"name":"Home","item":"https:\/\/learn-with-me.eu\/"},{"@type":"ListItem","position":2,"name":"About the software"}]},{"@type":"WebSite","@id":"https:\/\/learn-with-me.eu\/#website","url":"https:\/\/learn-with-me.eu\/","name":"","description":"","potentialAction":[{"@type":"SearchAction","target":{"@type":"EntryPoint","urlTemplate":"https:\/\/learn-with-me.eu\/?s={search_term_string}"},"query-input":"required name=search_term_string"}],"inLanguage":"hu"}]}},"_links":{"self":[{"href":"https:\/\/learn-with-me.eu\/index.php?rest_route=\/wp\/v2\/pages\/19"}],"collection":[{"href":"https:\/\/learn-with-me.eu\/index.php?rest_route=\/wp\/v2\/pages"}],"about":[{"href":"https:\/\/learn-with-me.eu\/index.php?rest_route=\/wp\/v2\/types\/page"}],"author":[{"embeddable":true,"href":"https:\/\/learn-with-me.eu\/index.php?rest_route=\/wp\/v2\/users\/1"}],"replies":[{"embeddable":true,"href":"https:\/\/learn-with-me.eu\/index.php?rest_route=%2Fwp%2Fv2%2Fcomments&post=19"}],"version-history":[{"count":6,"href":"https:\/\/learn-with-me.eu\/index.php?rest_route=\/wp\/v2\/pages\/19\/revisions"}],"predecessor-version":[{"id":659,"href":"https:\/\/learn-with-me.eu\/index.php?rest_route=\/wp\/v2\/pages\/19\/revisions\/659"}],"wp:attachment":[{"href":"https:\/\/learn-with-me.eu\/index.php?rest_route=%2Fwp%2Fv2%2Fmedia&parent=19"}],"curies":[{"name":"wp","href":"https:\/\/api.w.org\/{rel}","templated":true}]}}